-- https://www.phpmyadmin.net/
--
-- Servidor: 127.0.0.1
-- Tiempo de generación: 19-11-2025 a las 23:43:22
-- Versión del servidor: 10.4.32-MariaDB
-- Versión de PHP: 8.2.12

START TRANSACTION;



--
-- Base de datos: `grupo_gk`
--

-- --------------------------------------------------------

--
-- Estructura de tabla para la tabla `almacenes`
--

CREATE TABLE `almacenes` (
  `id_almacen` int(11) NOT NULL,
  `id_bodega` int(11) NOT NULL,
  `nombre` varchar(255) NOT NULL,
  `codigo` varchar(50) DEFAULT NULL,
  `ubicacion_especifica` varchar(500) DEFAULT NULL,
  `pasillo` varchar(50) DEFAULT NULL,
  `seccion` varchar(50) DEFAULT NULL,
  `nivel` varchar(50) DEFAULT NULL,
  `capacidad` decimal(10,2) DEFAULT NULL,
  `capacidad_actual` decimal(10,2) DEFAULT 0.00,
  `unidad_medida` varchar(50) DEFAULT 'm²',
  `temperatura` varchar(50) DEFAULT NULL,
  `humedad` varchar(50) DEFAULT NULL,
  `tipo_almacen` enum('General','Refrigerado','Congelado','Peligroso','Seguro') DEFAULT 'General',
  `estado_almacen` enum('Disponible','Ocupado','Mantenimiento','Reservado') DEFAULT 'Disponible',
  `notas` text DEFAULT NULL,
  `fecha_creacion` timestamp NOT NULL DEFAULT current_timestamp(),
  `fecha_actualizacion` timestamp NOT NULL DEFAULT current_timestamp() ON UPDATE current_timestamp()
) ENGINE=InnoDB DEFAULT CHARSET=utf8mb4 COLLATE=utf8mb4_unicode_ci;

--
-- Volcado de datos para la tabla `almacenes`
--

INSERT INTO `almacenes` (`id_almacen`, `id_bodega`, `nombre`, `codigo`, `ubicacion_especifica`, `pasillo`, `seccion`, `nivel`, `capacidad`, `capacidad_actual`, `unidad_medida`, `temperatura`, `humedad`, `tipo_almacen`, `estado_almacen`, `notas`, `fecha_creacion`, `fecha_actualizacion`) VALUES
(1, 1, 'Almacén A1', 'BC-A1', 'Planta Baja - Zona A', 'P1', 'S1', 'N1', 500.00, 0.00, 'm²', NULL, NULL, 'General', 'Disponible', NULL, '2025-10-16 15:16:02', '2025-10-16 15:16:02'),
(2, 1, 'Almacén A2', 'BC-A2', 'Planta Baja - Zona A', 'P2', 'S1', 'N1', 500.00, 0.00, 'm²', NULL, NULL, 'General', 'Disponible', NULL, '2025-10-16 15:16:02', '2025-10-16 15:16:02'),
(3, 1, 'Almacén Refrigerado', 'BC-R1', 'Zona de Refrigeración', 'P1', 'S2', 'N1', 300.00, 0.00, 'm²', NULL, NULL, 'Refrigerado', 'Disponible', NULL, '2025-10-16 15:16:02', '2025-10-16 15:16:02'),
(4, 2, 'Almacén B1', 'BS-B1', 'Planta Principal', 'P1', 'S1', 'N1', 400.00, 0.00, 'm²', NULL, NULL, 'General', 'Disponible', NULL, '2025-10-16 15:16:02', '2025-10-16 15:16:02'),
(5, 4, 'prueba 1', '', '', '', '', '', 0.00, 0.00, 'm²', '', '', 'Refrigerado', 'Disponible', '', '2025-10-17 22:56:41', '2025-10-17 22:56:58'),
(7, 5, 'test', 'BOD5-A001', '', '', '', '', 0.00, 0.00, 'm²', '', '', 'General', 'Disponible', '', '2025-10-20 20:06:10', '2025-10-20 20:06:10');

-- --------------------------------------------------------

--
-- Estructura de tabla para la tabla `blacklisted_domains`
--

CREATE TABLE `blacklisted_domains` (
  `id` int(11) NOT NULL,
  `domain` varchar(190) NOT NULL,
  `created_at` datetime DEFAULT current_timestamp()
) ENGINE=MyISAM DEFAULT CHARSET=utf8mb4 COLLATE=utf8mb4_general_ci;

-- --------------------------------------------------------

--
-- Estructura de tabla para la tabla `bodegas`
--

CREATE TABLE `bodegas` (
  `id_bodega` int(11) NOT NULL,
  `nombre` varchar(255) NOT NULL,
  `ubicacion` text NOT NULL,
  `direccion` varchar(500) DEFAULT NULL,
  `ciudad` varchar(100) DEFAULT NULL,
  `estado` varchar(100) DEFAULT NULL,
  `codigo_postal` varchar(10) DEFAULT NULL,
  `telefono` varchar(20) DEFAULT NULL,
  `responsable` varchar(255) DEFAULT NULL,
  `capacidad_total` decimal(10,2) DEFAULT NULL,
  `unidad_medida` varchar(50) DEFAULT 'm²',
  `estado_bodega` enum('Activa','Inactiva','Mantenimiento') DEFAULT 'Activa',
  `notas` text DEFAULT NULL,
  `fecha_creacion` timestamp NOT NULL DEFAULT current_timestamp(),
  `fecha_actualizacion` timestamp NOT NULL DEFAULT current_timestamp() ON UPDATE current_timestamp()
) ENGINE=InnoDB DEFAULT CHARSET=utf8mb4 COLLATE=utf8mb4_unicode_ci;

--
-- Volcado de datos para la tabla `bodegas`
--

INSERT INTO `bodegas` (`id_bodega`, `nombre`, `ubicacion`, `direccion`, `ciudad`, `estado`, `codigo_postal`, `telefono`, `responsable`, `capacidad_total`, `unidad_medida`, `estado_bodega`, `notas`, `fecha_creacion`, `fecha_actualizacion`) VALUES
(1, 'Bodega Central', 'Zona Industrial Norte', 'Av. Industrial #123', 'Ciudad de México', 'CDMX', '01234', NULL, 'Juan Pérez', 5000.00, 'm²', 'Activa', NULL, '2025-10-16 15:16:02', '2025-10-16 15:16:02'),
(2, 'Bodega Sur', 'Zona Industrial Sur', 'Calle Comercio #456', 'Guadalajara', 'Jalisco', '44100', NULL, 'María García', 3500.00, 'm²', 'Activa', NULL, '2025-10-16 15:16:02', '2025-10-16 15:16:02'),
(4, 'prueba', '', 'Atizapan', 'nicolas romero', 'edo mex', '555555', '45455456345', 'asdsadasdfasdasf', 0.00, 'm²', 'Activa', '', '2025-10-17 22:55:00', '2025-10-17 22:55:00'),
(5, 'test', '', 'Atizapan', 'nicolas romero', 'edo mex', '555555', '45455456345', 'asdsadasdfasdasf', 0.00, 'm²', 'Activa', '', '2025-10-20 19:50:28', '2025-10-20 19:50:28');

-- --------------------------------------------------------

--
-- Estructura de tabla para la tabla `cartas_entrega`
--

CREATE TABLE `cartas_entrega` (
  `id_carta` int(11) NOT NULL,
  `numero_carta` varchar(50) NOT NULL,
  `id_producto` int(11) DEFAULT NULL,
  `cantidad_entregada` int(11) NOT NULL,
  `nombre_receptor` varchar(255) NOT NULL,
  `identificacion_receptor` varchar(100) DEFAULT NULL,
  `empresa_receptor` varchar(255) DEFAULT NULL,
  `area_receptor` varchar(100) DEFAULT NULL,
  `fecha_entrega` date NOT NULL,
  `fecha_devolucion` date DEFAULT NULL,
  `tipo_entrega` enum('Definitiva','Temporal','Préstamo') DEFAULT 'Definitiva',
  `estado_entrega` enum('Pendiente','Entregado','Devuelto','Vencido') DEFAULT 'Pendiente',
  `observaciones` text DEFAULT NULL,
  `firmado_por` varchar(255) DEFAULT NULL,
  `autorizado_por` varchar(255) DEFAULT NULL,
  `documento_pdf` varchar(500) DEFAULT NULL,
  `fecha_creacion` timestamp NOT NULL DEFAULT current_timestamp(),
  `fecha_actualizacion` timestamp NOT NULL DEFAULT current_timestamp() ON UPDATE current_timestamp()
) ENGINE=InnoDB DEFAULT CHARSET=utf8mb4 COLLATE=utf8mb4_unicode_ci;

--
-- Volcado de datos para la tabla `cartas_entrega`
--

INSERT INTO `cartas_entrega` (`id_carta`, `numero_carta`, `id_producto`, `cantidad_entregada`, `nombre_receptor`, `identificacion_receptor`, `empresa_receptor`, `area_receptor`, `fecha_entrega`, `fecha_devolucion`, `tipo_entrega`, `estado_entrega`, `observaciones`, `firmado_por`, `autorizado_por`, `documento_pdf`, `fecha_creacion`, `fecha_actualizacion`) VALUES
(1, 'CA-0001', 1, 2, 'oscar', '12', 'test', 'desarrollo', '2025-10-18', NULL, 'Definitiva', 'Pendiente', '', 'Sistema', NULL, NULL, '2025-10-17 22:39:29', '2025-10-17 22:39:29'),
(2, 'CA-0002', 1, 2, 'oscar', '12', 'test', 'desarrollo', '2025-10-18', NULL, 'Definitiva', 'Pendiente', '', 'Sistema', NULL, NULL, '2025-10-17 22:39:56', '2025-10-17 22:39:56'),
(3, 'CA-0003', 1, 2, 'oscar', '12', 'test', 'desarrollo', '2025-10-18', NULL, 'Definitiva', 'Pendiente', '', 'Sistema', NULL, NULL, '2025-10-17 22:40:00', '2025-10-17 22:40:00');

-- --------------------------------------------------------

--
-- Estructura de tabla para la tabla `catalogos`
--

CREATE TABLE `catalogos` (
  `id_catalogo` int(11) NOT NULL,
  `modulo` varchar(50) NOT NULL COMMENT 'Módulo: bodega, almacen, productos',
  `campo` varchar(100) NOT NULL COMMENT 'Campo al que pertenece',
  `valor` varchar(255) NOT NULL COMMENT 'Valor del catálogo',
  `activo` tinyint(1) DEFAULT 1 COMMENT '1=Activo, 0=Inactivo',
  `orden` int(11) DEFAULT 0 COMMENT 'Orden de visualización',
  `fecha_creacion` timestamp NOT NULL DEFAULT current_timestamp(),
  `fecha_actualizacion` timestamp NOT NULL DEFAULT current_timestamp() ON UPDATE current_timestamp()
) ENGINE=InnoDB DEFAULT CHARSET=utf8mb4 COLLATE=utf8mb4_unicode_ci;

--
-- Volcado de datos para la tabla `catalogos`
--

INSERT INTO `catalogos` (`id_catalogo`, `modulo`, `campo`, `valor`, `activo`, `orden`, `fecha_creacion`, `fecha_actualizacion`) VALUES
(1, 'bodega', 'estado_bodega', 'Activa', 0, 1, '2025-10-20 15:41:01', '2025-11-04 17:05:49'),
(2, 'bodega', 'estado_bodega', 'Inactiva', 1, 2, '2025-10-20 15:41:01', '2025-10-20 15:41:01'),
(3, 'bodega', 'estado_bodega', 'Mantenimiento', 1, 3, '2025-10-20 15:41:01', '2025-11-04 17:05:35'),
(4, 'almacen', 'tipo_almacen', 'General', 1, 1, '2025-10-20 15:41:01', '2025-10-20 15:41:01'),
(5, 'almacen', 'tipo_almacen', 'Refrigerado', 1, 2, '2025-10-20 15:41:01', '2025-10-20 15:41:01'),
(6, 'almacen', 'tipo_almacen', 'Congelado', 1, 3, '2025-10-20 15:41:01', '2025-10-20 15:41:01'),
(7, 'almacen', 'tipo_almacen', 'Peligroso', 1, 4, '2025-10-20 15:41:01', '2025-10-20 15:41:01'),
(8, 'almacen', 'tipo_almacen', 'Seguro', 1, 5, '2025-10-20 15:41:01', '2025-10-20 15:41:01'),
(9, 'almacen', 'estado_almacen', 'Disponible', 1, 1, '2025-10-20 15:41:01', '2025-10-20 15:41:01'),
(10, 'almacen', 'estado_almacen', 'Ocupado', 1, 2, '2025-10-20 15:41:01', '2025-10-20 15:41:01'),
(11, 'almacen', 'estado_almacen', 'Mantenimiento', 1, 3, '2025-10-20 15:41:01', '2025-10-20 15:41:01'),
(12, 'almacen', 'estado_almacen', 'Reservado', 1, 4, '2025-10-20 15:41:01', '2025-10-20 15:41:01'),
(13, 'productos', 'categoria', 'Electrónica', 1, 1, '2025-10-20 15:41:01', '2025-10-20 15:41:01'),
(14, 'productos', 'categoria', 'Herramientas', 1, 2, '2025-10-20 15:41:01', '2025-10-20 15:41:01'),
(15, 'productos', 'categoria', 'Materia Prima', 0, 3, '2025-10-20 15:41:01', '2025-10-22 17:03:21'),
(16, 'productos', 'categoria', 'Consumibles', 1, 4, '2025-10-20 15:41:01', '2025-10-20 15:41:01'),
(17, 'productos', 'estado_producto', 'Disponible', 1, 1, '2025-10-20 15:41:01', '2025-10-20 15:41:01'),
(18, 'productos', 'estado_producto', 'Reservado', 1, 2, '2025-10-20 15:41:01', '2025-10-20 15:41:01'),
(19, 'productos', 'estado_producto', 'Entregado', 1, 3, '2025-10-20 15:41:01', '2025-10-20 15:41:01'),
(20, 'productos', 'estado_producto', 'Dañado', 1, 4, '2025-10-20 15:41:01', '2025-10-20 15:41:01');

-- --------------------------------------------------------

--
-- Estructura de tabla para la tabla `categories`
--

CREATE TABLE `categories` (
  `id` bigint(20) UNSIGNED NOT NULL,
  `name` varchar(100) NOT NULL,
  `description` text DEFAULT NULL,
  `created_at` timestamp NULL DEFAULT current_timestamp()
) ENGINE=MyISAM DEFAULT CHARSET=utf8mb4 COLLATE=utf8mb4_general_ci;

--
-- Volcado de datos para la tabla `categories`
--

INSERT INTO `categories` (`id`, `name`, `description`, `created_at`) VALUES
(1, 'office', '', '2025-04-22 16:36:41'),
(4, 'vpn', '', '2025-05-04 21:04:27');

-- --------------------------------------------------------

--
-- Estructura de tabla para la tabla `classifications`
--

CREATE TABLE `classifications` (
  `id` bigint(20) UNSIGNED NOT NULL,
  `name` varchar(100) NOT NULL,
  `description` text DEFAULT NULL,
  `created_at` timestamp NULL DEFAULT current_timestamp()
) ENGINE=MyISAM DEFAULT CHARSET=utf8mb4 COLLATE=utf8mb4_general_ci;

--
-- Volcado de datos para la tabla `classifications`
--

INSERT INTO `classifications` (`id`, `name`, `description`, `created_at`) VALUES
(1, 'General', '', '2025-04-22 16:44:44'),
(2, 'camaras', 'dasdasd', '2025-04-30 21:52:12'),
(3, 'correo', '', '2025-04-30 21:52:19'),
(4, 'firewall', '', '2025-04-30 21:52:41');

-- --------------------------------------------------------

--
-- Estructura de tabla para la tabla `contactos_empresa`
--

CREATE TABLE `contactos_empresa` (
  `id_contacto` int(11) NOT NULL,
  `id_empresa` int(11) NOT NULL,
  `contacto` varchar(100) NOT NULL,
  `telefono` varchar(30) NOT NULL,
  `correo` varchar(100) NOT NULL
) ENGINE=InnoDB DEFAULT CHARSET=utf8mb4 COLLATE=utf8mb4_general_ci;

--
-- Volcado de datos para la tabla `contactos_empresa`
--

INSERT INTO `contactos_empresa` (`id_contacto`, `id_empresa`, `contacto`, `telefono`, `correo`) VALUES
(30, 34, 'Soporte ', '5566943985', 'sistemas@securiti.info'),
(31, 35, 'Aleyra / Carlos Alcantara', '5586181088 / 4423868771', 'administracion@plinso.com.mx / direccion@plinso.com.mx'),
(32, 36, 'Valeria Lozada ', '5569667011', 'admin.dionavi@dio.com.mx'),
(33, 37, 'Andrea Ortiz ', '5512018579', 'andrea.ortiz@dio-sales.com.mx	'),
(34, 38, 'Manuel Espinosa', '5522440686', 'mespinosa@relutec.com.mx'),
(35, 39, 'Karen Manzano', '7225946865', 'karenmanzano@relutec.com.mx'),
(37, 41, 'Janet / Gris', 'N/A / 55-48-80-99-81', 'janet@jema.com.mx / N/A'),
(39, 43, 'Luis mayen', '55 4350 2503', 'luis.mayen@mayen.com.mx'),
(40, 44, 'Gabriela de la torre o Rocio Mendez', '55 4363 8655', 'diana.trigueros@concretoscruzazulhgo.com.mx,diana.trigueros@concretoscruzazulhgo.com.mx,gaby.delator'),
(41, 45, 'Raul Garcia', '477 641 5805', 'oficinaleon@seguridadmega.com.mx'),
(42, 46, 'Ing. Oneida Hernanez', '55 2518 7238', 'sistemas@gylsa.com.mx'),
(43, 47, 'Lic. Carlos Perez / Lic. Claudia Balandra', '5538764553 / 5539230747', 'diradmon@seguridadmega.com.mx / direccionadjunta@seguridadmega.com.mx'),
(45, 43, 'osacar', '45455456345', 'pru@prueba.pru'),
(46, 44, 'oscar', '45455456345', 'pru@prueba.pru');

-- --------------------------------------------------------

--
-- Estructura de tabla para la tabla `contact_modes`
--

CREATE TABLE `contact_modes` (
  `id` bigint(20) UNSIGNED NOT NULL,
  `name` varchar(50) NOT NULL,
  `description` text DEFAULT NULL,
  `created_at` timestamp NULL DEFAULT current_timestamp()
) ENGINE=MyISAM DEFAULT CHARSET=utf8mb4 COLLATE=utf8mb4_general_ci;

--
-- Volcado de datos para la tabla `contact_modes`
--

INSERT INTO `contact_modes` (`id`, `name`, `description`, `created_at`) VALUES
(1, 'correo electrónico ', '', '2025-04-22 16:37:39'),
(2, 'whatsapp', '', '2025-04-22 16:37:47');

-- --------------------------------------------------------

--
-- Estructura de tabla para la tabla `email_references`
--

CREATE TABLE `email_references` (
  `id` bigint(20) UNSIGNED NOT NULL,
  `message_id` varchar(255) NOT NULL,
  `thread_id` varchar(255) NOT NULL,
  `in_reply_to` varchar(255) DEFAULT NULL,
  `email_date` timestamp NULL DEFAULT NULL,
  `ticket_message_id` int(11) DEFAULT NULL,
  `created_at` timestamp NULL DEFAULT current_timestamp()
) ENGINE=InnoDB DEFAULT CHARSET=utf8mb4 COLLATE=utf8mb4_general_ci;

-- --------------------------------------------------------

--
-- Estructura de tabla para la tabla `email_threads`
--

CREATE TABLE `email_threads` (
  `id` bigint(20) UNSIGNED NOT NULL,
  `thread_id` varchar(255) NOT NULL,
  `ticket_id` int(11) DEFAULT NULL,
  `subject` varchar(255) DEFAULT NULL,
  `created_at` timestamp NULL DEFAULT current_timestamp(),
  `updated_at` timestamp NULL DEFAULT current_timestamp()
) ENGINE=InnoDB DEFAULT CHARSET=utf8mb4 COLLATE=utf8mb4_general_ci;

-- --------------------------------------------------------

--
-- Estructura de tabla para la tabla `empresas`
--

CREATE TABLE `empresas` (
  `id_empresa` bigint(20) UNSIGNED NOT NULL,
  `nombre` varchar(100) NOT NULL,
  `direccion` varchar(255) DEFAULT NULL,
  `fecha_registro` timestamp NULL DEFAULT current_timestamp()
) ENGINE=MyISAM DEFAULT CHARSET=utf8mb4 COLLATE=utf8mb4_general_ci;

--
-- Volcado de datos para la tabla `empresas`
--

INSERT INTO `empresas` (`id_empresa`, `nombre`, `direccion`, `fecha_registro`) VALUES
(39, 'Relutec Toluca', 'Paseo Tollocan 28-B Col, Santa Ana Tlapaltitlán, 50168 Santa Ana Tlapaltitlán, Méx.', '2025-03-27 06:47:39'),
(38, 'Relutec Azcapotzalco', 'Nte 79-A 269, Claveria, Azcapotzalco, 02080 Ciudad de México, CDMX', '2025-03-27 04:05:59'),
(37, 'Dio Bolsena', 'Privada Lago Bolsena 209, Los Manzanos, Miguel Hidalgo, 11460 Ciudad de México, CDMX', '2025-03-26 00:12:35'),
(36, 'Dio Reforma', 'Av. P.º de la Reforma 199-piso 5, Col. Renacimiento, Alc, Cuauhtémoc, 06500 Ciudad de México, CDMX', '2025-03-22 03:48:56'),
(35, 'Plinso', 'Jorge Espinoza SN, Aculco México , Aculco de Espinoza, Mexico', '2025-03-21 07:06:38'),
(34, 'SecuriTI', 'COLONIA VALLE DE SAN MATEO, CALLE Y NÚMERO PIRULES 3 ', '2025-03-21 01:45:37'),
(41, 'Transportes Logisticos Jema 2000', 'Miguel Alemán Velasco Manzana 001, 52975 El Potrero, Méx.', '2025-04-03 04:05:16'),
(43, 'Empresa ABC', 'Atizapan', '2025-09-26 16:51:14'),
(44, 'test', 'Atizapan', '2025-10-10 22:31:35');

-- --------------------------------------------------------

--
-- Estructura de tabla para la tabla `equipos`
--

CREATE TABLE `equipos` (
  `id_equipo` int(11) NOT NULL,
  `nombre_cliente` varchar(45) NOT NULL,
  `nombre_equipo` varchar(100) NOT NULL,
  `responsable` varchar(100) NOT NULL,
  `sistema_operativo` varchar(100) DEFAULT NULL,
  `direccion_mac` varchar(100) NOT NULL,
  `tipo` varchar(100) DEFAULT NULL,
  `fabricante` varchar(100) DEFAULT NULL,
  `modelo` varchar(100) DEFAULT NULL,
  `numero_serie` varchar(100) DEFAULT NULL,
  `ram` varchar(100) DEFAULT NULL,
  `disco_duro` varchar(100) DEFAULT NULL,
  `procesador` varchar(100) DEFAULT NULL,
  `observaciones` text DEFAULT NULL,
  `documentos` longblob DEFAULT NULL COMMENT 'Documentos',
  `id_empresa` int(11) DEFAULT NULL,
  `fecha_registro` timestamp NULL DEFAULT current_timestamp()
) ENGINE=InnoDB DEFAULT CHARSET=utf8mb4 COLLATE=utf8mb4_general_ci;

--
-- Volcado de datos para la tabla `equipos`
--

INSERT INTO `equipos` (`id_equipo`, `nombre_cliente`, `nombre_equipo`, `responsable`, `sistema_operativo`, `direccion_mac`, `tipo`, `fabricante`, `modelo`, `numero_serie`, `ram`, `disco_duro`, `procesador`, `observaciones`, `documentos`, `id_empresa`, `fecha_registro`) VALUES
(148, 'Plinso', 'PLIN-01', 'Recursos Humanos', 'Windows 11 Home', 'Wifi: D4:1B:81:19:E4:FB', 'Laptop', 'HP', 'HP Laptop 15-ef1xxx', '5CD1198BF0', '8 GB', '250 GB SSD M.2', 'AMD 3020e con gráficos Radeon, 1197 MHz', 'Este inventario fue sacado en el 2025\r\nMes Marzo ', NULL, 35, '2025-03-21 18:10:02'),
(149, 'Plinso', 'PLIN-02', 'Inspector y Lider de produccion', 'Windows 10 Home Single Language ', 'Ethernet: 04:0E:3C:93:AC:13 Wifi: 40:23:43:30:28:59', 'All-in-One ', 'HP', '20-c401la', '8CC9410H4D', '4 GB', '240 GB SSD ', 'AMD A4-9125 RADEON R3, 4 COMPUTE CORES 2C+2G, 2295MHz', 'Este intentario fue echo en el \r\nMes Junio 2025', NULL, 35, '2025-03-21 18:10:02'),
(150, 'Plinso', 'PLIN-03', 'Proceso y Planeacion Berna Mondragon', 'Windows 10 Home', 'Wifi:D4:1B:81:17:C4:83', 'Laptop', 'HP', 'HP Laptop 15-ef1xxx', '5CD1198C8T', '8 GB', '250 GB SSD M.2', 'AMD 3020e with Radeon Graphics, 1197MHz', 'Este inventario fue sacado en el 2025\r\nMes Junio', NULL, 35, '2025-03-21 18:10:02'),
(151, 'Plinso', 'PLIN-04', 'Produccion', 'Windows 10 Home', 'Ethernet:C4:65:16:B1:94:30 Wifi:A4:FC:77:1F:32:43', 'All-in-One', 'HP', '20-c401la', '8CC9170LVB', '4 GB', '240 GB SSD', 'AMD A4-9125 RADEON R3, 4 COMPUTE CORES 2C+2G, 2295MHz', 'Este inventario fue sacado en el 2025\r\nMes Junio', NULL, 35, '2025-03-21 18:10:02'),
(152, 'Plinso', 'DESKTOP-5IMF1P2', 'Mantenimiento', 'Windows 10 Pro', 'Wifi:A4:FC:77:17:8A:FF', 'All-in-One', 'HP', '20-c401la', '8CC9170MJ7', '4 GB', '240 GB SSD', 'AMD A4-9125 RADEON R3, 4 COMPUTE CORES 2C+2G, 2295MHz', 'Este inventario fue sacado en el 2025\r\nMes Junio \r\n', NULL, 35, '2025-03-21 18:10:02'),
(153, 'Plinso', 'PLIN-13', 'Aleyra', 'Windows 11 Home', 'Wifi:EC:4C:8C:85:34:91', 'Laptop', 'Huawei', 'MCLG-XX', '2NZBB24C16800236', '16 GB', '1 TB SSD', '13th Gen Intel(R) Core(TM) i5-13420H, 2611MHz', 'Este inventario fue sacado en el 2025\r\nMes Junio ', NULL, 35, '2025-03-21 18:10:02'),
(154, 'Plinso', 'PLIN-07', 'Calidad Iris Mondragon', 'Windows 11 Home', 'Wifi:D4:1B:81:19:DC:67', 'Laptop', 'HP', 'Laptop 15-ef1xxx', '5CD119F9V7', '8 GB', '250 GB SSD M.2', 'AMD 3020e with Radeon Graphics, 1197MHz', 'Este inventario fue sacado en el 2025\r\nMes Junio', NULL, 35, '2025-03-21 18:10:02'),
(155, 'Plinso', 'PLIN-08', 'Almacen ', 'Windows 11 Home Single Language', 'Wifi:94:08:53:B4:B7:E5', 'Laptop', 'Lenovo', '81MW', 'PF22EMNQ', '8 GB', '240 GB SSD', 'Intel(R) Celeron(R) N4000 CPU @ 1.10GHz', 'Este inventario fue sacado en el 2025\r\nMes Junio', NULL, 35, '2025-03-21 18:10:02'),
(156, 'Plinso', 'PLIN-08', 'Lider de calidad', 'Windows 11 Home Single Language', 'Wifi: D4:1B:81:19:2C:31', 'Laptop', 'HP', 'Laptop 15-ef1xxx', '5CD119F9SJ', '4 GB', '128 GB SSD M.2', 'AMD 3020e with Radeon Graphics, 1197MHz', 'Este inventario fue sacado en el 2025\r\nMes Junio ', NULL, 35, '2025-03-21 18:10:02'),
(157, 'Plinso', 'PLIN-09', 'Auditoria ', 'Microsoft Windows 11 Home Single Language', 'Wifi:D4:1B:81:18:C4:4F', 'Laptop', 'HP', 'Laptop 15-ef1xxx', '5CD119F9XC', '8 GB', '250 GB SSD M.2', 'AMD 3020e with Radeon Graphics, 1197MHz', 'Este inventario fue sacado en el 2025\r\nMes Junio', NULL, 35, '2025-03-21 18:10:02'),
(158, 'Dio Bolsena', 'DESKTOP-QFVMEE7', 'Adriana', 'Microsoft Windows 10 Home Single Language 64-Bit', 'Wifi  : E8:94:F6:12:F4:8F   Ethernet  :9C:00:06:D0:00:0C', 'Laptop', 'Alienware', 'Alienware 17 R5', '80G5SQ2', '24 GB', '1 TB HDD , 512 GB SSD', 'Intel(R) Core(TM) i7-8750H CPU @ 2.20GHz', 'Tiene un monito extra  (Inventario  Diciembre 2024)', NULL, 37, '2025-03-26 17:28:24'),
(159, 'Dio Bolsena', 'DESKTOP-1QOSH5G', 'Alejandra', 'Microsoft Windows 10 Pro 64-Bit', 'Wifi :  N/A    \nEthernet: 40:B0:76:61:80:04', 'Escritorio', 'No es ASUS', 'No es ASUS', 'N/A', '16 GB', '480 GB SSD', 'AMD Ryzen 5 3400G with Radeon Vega Graphics, 3693MHz', 'Equipo Armado (Inventario  Diciembre 2024)', NULL, 37, '2025-03-26 17:28:24'),
(160, 'Dio Bolsena', 'DIO-ALMA1', 'Alejandro', 'Microsoft Windows 11 Home Single Language 64-Bit', 'Wifi : DC:21:5C:3E:5C:D3  \nEthernet  :30:D0:42:ED:BE:40', 'All-in-One', 'Dell', 'Dell', 'HNBJG92', '16 GB', '480 GB SSD', '11th Gen Intel(R) Core(TM) i3-1115G4 @ 3.00GHz', '(Inventario  Diciembre 2024)', NULL, 37, '2025-03-26 17:28:24'),
(161, 'Dio Bolsena', 'DESKTOP-HQAGHEU', 'Alicia Pi', 'Microsoft Windows 10 Home Single Language 64-Bit', 'Wifi :A4:FC:77:3E:8F:89\nEthernet  :C4:65:16:B2:C0:98 ', 'All-in-One', 'HP', 'HP', '8CC9173852', '4 GB', '240 GB SSD', 'AMD Ryzen 3 3200U with Radeon Vega Mobile Gfx, 2595MHz', '(Inventario  Diciembre 2024)', NULL, 37, '2025-03-26 17:28:24'),
(162, 'Dio Bolsena', 'Ordenador Portatil de Andrea', 'Andrea Ortiz', 'macOS Sequoia 15.0.1', 'Wifi    N/A \nEthernet  :N/A', 'Laptop', 'Mac', 'Mac', 'GRT2R4F2V1', '16 GB', '512 GB SSD', 'M3', 'Tenia un Monitor Menciona que ese monitor es de ella (Inventario  Diciembre 2024) ', NULL, 37, '2025-03-26 17:28:24'),
(163, 'Dio Bolsena', 'ARACELI', 'Araceli Flores ', 'Microsoft Windows 11 Home Single Language 64-Bit', 'Wifi: 10:51:07:78:23 Ethernet  :08:8F:C3:8A:F5:3B', 'Laptop', 'Acer', 'Aspire A315-58', 'NXADDAL00C2110863C7000', '8 GB', '512 GB SSD', '11th Gen Intel(R) Core(TM) i3-1115G4 @ 3.00GHz', 'Tiene un Monitor , teclado y Mouse Extra  (Inventario  Diciembre 2024)', NULL, 37, '2025-03-26 17:28:24'),
(164, 'Dio Bolsena', 'DESKTOP-VBMDS9S', 'Belem Perez', 'Microsoft Windows 11 Pro 64-Bit', 'Wifi : B0:A4:60:60:11:DE   \nEthernet  :F0:2F:74:F5:50:F3', 'Escritorio', 'No es ASUS', 'No es ASUS', 'N/A', '32 GB', '2 TB  HDD, 512 SSD', 'AMD Ryzen 9 5900X 12-Core Processor, 3699MHz', 'Equipo Armado , No tiene AV (Inventario  Diciembre 2024)', NULL, 37, '2025-03-26 17:28:24'),
(165, 'Dio Bolsena', 'DESKTOP-HD3SP3S', 'David Bobadilla', 'Microsoft Windows 11 Pro 64-Bit', 'Wifi  :14:D4:24:7C:7E:F6  Ethernet  :7C:57:58:10:29:2C', 'All-in-One', 'HP', 'HP 205 G8 24 All-in-One PC', '8CC24944WF', '16 GB', '512 GB SSD', 'AMD Ryzen 3 3250U with Radeon Graphics, 2595MHz', '(Inventario  Diciembre 2024)', NULL, 37, '2025-03-26 17:28:24'),
(166, 'Dio Bolsena', 'DESKTOP-07SCGKV', 'Diego Rueda', 'Microsoft Windows 11 Home Single Language 64-Bit', 'Wifi: 44:AF:28:FE:71:0D     Ethernet  :A4:BB:6D:67:14:12', 'All-in-One', 'Dell', 'Inspiron 5400 AIO', '2GNVF92', '8 GB', '1 TB HDD', '11th Gen Intel(R) Core(TM) i3-1115G4 @ 3.00GHz', '(Inventario  Diciembre 2024)', NULL, 37, '2025-03-26 17:28:24'),
(167, 'Dio Bolsena', 'DESKTOP-UJOAE6D', 'Edgar Celaya', 'Microsoft Windows 10 Home Single Language 64-Bit', 'Wifi: EC:5C:68:B6:72:C3Ethernet  :80:E8:2C:19:2A:9A', 'All-in-One', 'HP', 'HP Pavilion All-in-One 24-r0xx', '8CC92454C8', '16 GB', '1 TB HDD', 'AMD A12-9730P RADEON R7, 10 COMPUTE CORES 4C+6G, 2794MHz', 'De la parte de la barra de altavoces se miraban dos manchas una de cada lado (Inventario  Diciembre 2024)', NULL, 37, '2025-03-26 17:28:24'),
(168, 'Dio Bolsena', 'DESKTOP-B69P074', 'Frida', 'Microsoft Windows 10 Home Single Language 64-Bit', 'Wifi : 80:E8:2C:12:E1:31Ethernet  :EC:5C:68:36:10:F1', 'All-in-One', 'HP', 'HP Pavilion All-in-One 24-r0xx', '8CC9220YDT', '12 GB', '1 TB HDD', 'AMD A12-9730P RADEON R7, 10 COMPUTE CORES 4C+6G, 2794MHz', '(Inventario  Diciembre 2024)', NULL, 37, '2025-03-26 17:28:24'),
(169, 'Dio Bolsena', 'DIO-ALMACEN', 'Giovani', 'Microsoft Windows 11 Home Single Language 64-Bit', 'Wifi: 80:30:49:DF:6A:5B     Ethernet  :94:37:F7:20:07:04', 'Escritorio', 'HUAWEI', 'PUM-WDX9', 'SKDXB21225001485', '8 GB', '256 GB  SSD ', 'AMD Ryzen 5 4600G with Radeon Graphics, 3692MHz', '(Inventario  Diciembre 2024)', NULL, 37, '2025-03-26 17:28:24'),
(170, 'Dio Bolsena', 'LAPTOP-FB1CKVU2', 'Ilse Carranza', 'Microsoft Windows 11 Home Single Language 64-Bit', 'Wifi : D8:C0:A6:A6:06:AF Ethernet  :N/A', 'Laptop', 'HP', 'HP Laptop 15-dy1xxx', '5CD046FKDH', '8 GB', '480 GB SSD', 'Intel(R) Core(TM) i5-1035G1 CPU @ 1.00GHz', 'Tiene un Monitor , teclado y Mouse Extra  (Inventario  Diciembre 2024)', NULL, 37, '2025-03-26 17:28:24'),
(171, 'Dio Bolsena', 'DESKTOP-Q8754KV', 'Issac', 'Microsoft Windows 10 Pro 64-Bit', 'Wifi : N/A    \nEthernet  :B4:2E:99:CC:9F:73', 'Escritorio', 'Gigabyte Technology Co., Ltd.', 'Gigabyte Technology Co., Ltd.', 'N/A', '16 GB', '480 GB SSD', 'AMD Ryzen 5 3400G with Radeon Vega Graphics, 3693MHz', 'Equipo Armado (Inventario  Diciembre 2024)', NULL, 37, '2025-03-26 17:28:24'),
(172, 'Dio Bolsena', 'DESKTOP-9M2H301', 'Ivan', 'Microsoft Windows 10 Pro 64-Bit', 'Wifi: N/AEthernet  :18:66:DA:1E:C6:2B', 'Escritorio', 'Dell', 'OptiPlex 7040', '5Z6HKB2', '8 GB', '256 GB  SSD', 'Intel(R) Core(TM) i5-6500 CPU @ 3.20GHz', '(Inventario  Diciembre 2024)', NULL, 37, '2025-03-26 17:28:24'),
(173, 'Dio Bolsena', 'LAPTOP-QB5B7O9I', 'Johan', 'Microsoft Windows 11 Home 64-Bit', 'Wifi: 00:e0:4c:68:00:f2Ethernet  : N/A', 'Laptop', 'HP', 'HP Laptop 14-dq2xxx', '5CD1016Q1F', '8 GB', '240 GB', '11th Gen Intel(R) Core(TM) i5-1135G7 @ 2.40GHz', 'WinAudit No aparece Mac Address y se saco con la ip del equipo, cuenta con un monitor , teclado y mouse extra. Igual tiene una Rayadura en la tapa de laptop (Inventario  Diciembre 2024)', NULL, 37, '2025-03-26 17:28:24'),
(174, 'Dio Bolsena', 'DESKTOP-57FFCTQ', 'Juan Jose ', 'Microsoft Windows 10 Home Single Language 64-Bit', 'Wifi : 74:C6:3B:30:83:05 Ethernet  :60:45:CB:A9:E7:CF', 'All-in-One', 'ASUSTeK ', 'V220IC', 'G5PTTS021778', '8 GB', '1 TB HDD', 'Intel(R) Core(TM) i3-6100U CPU @ 2.30GHz', '', NULL, 37, '2025-03-26 17:28:24'),
(175, 'Dio Bolsena', 'DESKTOP-DST46DC', 'Karen Perez', 'Microsoft Windows 10 Pro 64-Bit', 'Wifi: N/A   \nEthernet  :24:4B:FE:CD:64:D5', 'Escritorio', 'No es ASUS', 'No es ASUS', 'N/A', '16 GB', '480 GB SSD', 'AMD Ryzen 5 3400G with Radeon Vega Graphics, 3693MHz', 'Equipo  Armado (Inventario  Diciembre 2024)', NULL, 37, '2025-03-26 17:28:24'),
(176, 'Dio Bolsena', 'DESKTOP-0JI794S', 'Koming', 'Microsoft Windows 10 Pro 64-Bit', 'Wifi     N/AEthernet  :40:B0:34:19:77:9B', 'Escritorio', 'HP', 'HP Z240 SFF Workstation', '2UA73624YF', '24 GB', '1 TB SSD   480 GB SSD', 'Intel(R) Core(TM) i5-7500 CPU @ 3.40GHz', 'Tiene un disco de 1 TB externo y  No tiene AV (Inventario  Diciembre 2024)', NULL, 37, '2025-03-26 17:28:24'),
(177, 'Dio Bolsena', 'DESKTOP-CJBU9HO', 'Laura Bedolla', 'Microsoft Windows 10 Home Single Language 64-Bit', 'Wifi  :78:0C:B8:D7:F7:30   Ethernet  :64:00:6A:42:E8:16', 'All-in-One', 'Dell', 'Inspiron 24-3459', '67K1B22', '16 GB', '120 GB SSD', 'Intel(R) Core(TM) i5-6200U CPU @ 2.30GHz', '(Inventario  Diciembre 2024)', NULL, 37, '2025-03-26 17:28:24'),
(178, 'Dio Bolsena', 'DESKTOP-12MRKU5', 'Nora Velazquez', 'Microsoft Windows 10 Pro 64-Bit', 'Wifi: N/A     \nEthernet  :04:D4:C4:1F:9D:49', 'Escritorio', 'No es ASUS', 'No es ASUS', 'N/A', '16 GB', '320 GB HDD , 480 GB  SSD', 'AMD Ryzen 5 3400G with Radeon Vega Graphics, 3693MHz', 'Equipo Armado (Inventario  Diciembre 2024)', NULL, 37, '2025-03-26 17:28:24'),
(179, 'Dio Bolsena', 'LAPTOP-U4C30VRC', 'Pablo Nam', 'Windows 11 Home Single Language', 'Wifi : D8:C0:A6:8D:93\nEthernet  : 00:E0:4C:68:02:C7', 'Laptop', 'HP', 'HP', '5CD046FKNC', '8 GB', '512 GB ', '11th Gen Intel(R) Core(TM) i5-1035G1 @ 1.00GHz', 'No se hizo hoja de mantenimiento (Inventario  Diciembre 2024)', NULL, 37, '2025-03-26 17:28:24'),
(180, 'Dio Bolsena', 'DIONAVI1', 'Sheila', 'Microsoft Windows 10 Pro for Workstations 64-Bit', 'Wifi  : N/A   Ethernet  :40:B0:34:3D:B2:E9', 'Escritorio', 'HP', 'HP Z240 Tower Workstation', '2UA7471G2J', '16 GB', '1 TB HDD', 'Intel(R) Xeon(R) CPU E3-1205 v6 @ 3.00GHz', '(Inventario  Diciembre 2024)', NULL, 37, '2025-03-26 17:28:24'),
(181, 'Dio Bolsena', 'DESKTOP-7HHM4PH', 'Yesica Alonso', 'Microsoft Windows 11 Home Single Language 64-Bit', 'Wifi : 48:9E:BD:2B:B7:83Ethernet  :D4:1B:81:63:5F:77', 'All-in-One', 'HP', 'HP All-in-One 24-dp0xxx', '8CC1240SB7', '16 GB', '1 TB HDD ', 'AMD Ryzen 5 4500U with Radeon Graphics, 2370MHz', 'Tiene una  Unidad de disco duro port', NULL, 37, '2025-03-26 17:28:24'),
(203, 'Transportes Logisticos Jema 2000', 'AUXCONTA-JEMA', 'Octavio Martinez', 'Microsoft Windows 10 Home Single Language 64-Bit', 'Wifi  :60:6D:C7:E5:74:E3              \nEthernet  :B0:5A:DA:D2:6B:2C ', 'Escritorio', 'HP', '23-q143la', '8CC5390GDM', '8 GB', 'KINGSTON SUV400S37120G SSD', 'Intel(R) Core(TM) i5-4590T CPU @ 2.00GHz', '', NULL, 41, '2025-04-02 21:41:35'),
(204, 'Transportes Logisticos Jema 2000', 'AUXCONTA-MEX', 'Sin Usuario Sin licencia', 'Microsoft Windows 10 Home Single Language 64-Bit', 'Wifi  : B0:35:9F:76:11:7D              \nEthernet  : 00:23:81:28:A1:39', 'Escritorio', 'Acer', 'Aspire C22-760', 'DQB7DAL004728004EB6B01', '4 GB', 'TOSHIBA MQ01ABD100  953GB HDD', 'Intel(R) Core(TM) i3-6100U CPU @ 2.30GHz', '', NULL, 41, '2025-04-02 21:41:35'),
(205, 'Transportes Logisticos Jema 2000', 'DESKTOP-3J5H13L', 'Janet Espinoza', 'Microsoft Windows 10 Pro 64-Bit ', 'Wifi  :  44:AF:28:97:C2:B9                \nEthernet  :  B0:7B:25:59:7A:87', 'Laptop', 'Dell Inc.', 'Latitude 3510', 'GRCNB63', '8 GB', 'KINGSTON SA400S37240G SSD', 'Intel(R) Core(TM) i5-10210U CPU @ 1.60GHz', '', NULL, 41, '2025-04-02 21:41:35'),
(206, 'Transportes Logisticos Jema 2000', 'DESKTOP-4CV0FHK', 'Janet Ezpinoza', 'Microsoft Windows 10 Home Single Language 64-Bit', 'Wifi  :  74:C6:3B:30:21:40                \nEthernet  : D0:17:C2:5D:35:E9', 'Escritorio', 'ASUSTeK COMPUTER INC.', 'V220IC', 'G5PTTS023696', '8 GB', 'TOSHIBA DT01ACA100  953GB', 'Intel(R) Core(TM) i3-6100U CPU @ 2.30GHz', '', NULL, 41, '2025-04-02 21:41:35'),
(207, 'Transportes Logisticos Jema 2000', 'DESKTOP-751687S', 'Sin Usuario con Licencia', 'Microsoft Windows 10 Home Single Language 64-Bit', 'Wifi  :  60:6D:C7:C8:A6:C7           \nEthernet  : 94:57:A5:D4:3E:EC', 'Escritorio', 'HP', '23-q143la', '8CC5340DX0', '8 GB', 'KINGSTON SA400S37240G', 'Intel(R) Core(TM) i5-4590T CPU @ 2.00GHz', '', NULL, 41, '2025-04-02 21:41:35'),
(208, 'Transportes Logisticos Jema 2000', 'DESKTOP-MD88RLS', 'Carolina', 'Microsoft Windows 11 Pro 64-Bit', 'Wifi  : 00:42:38:0D:A6:42             \nEthernet  : B0:7B:25:48:3C:7E', 'Laptop', 'Dell Inc.', 'Latitude 3510', 'JT0Y863', '8 GB', 'TOSHIBA MQ04ABF100  953GB', 'Intel(R) Core(TM) i5-10210U CPU @ 1.60GHz', '', NULL, 41, '2025-04-02 21:41:35'),
(209, 'Transportes Logisticos Jema 2000', 'MANTENIMIENTO', 'ISMAEL', 'Microsoft Windows 10 Home Single Language 64-Bit', 'Wifi  :54:35:30:16:74:27                \nEthernet  : E0:DB:55:C2:60:D4', 'Laptop', 'Dell Inc.', 'Inspiron 3421', 'JDS33Z1', '8 GB', 'KINGSTON SA400S37120G SSD', 'Intel(R) Core(TM) i3-3217U CPU @ 1.80GHz', '', NULL, 41, '2025-04-02 21:41:35'),
(210, 'Transportes Logisticos Jema 2000', 'TRAFICO', 'Nadia', 'Microsoft Windows 11 Pro 64-Bit', 'Wifi  : 44:AF:28:95:55:A6              \nEthernet  : B0:7B:25:59:80:E9', 'Laptop', 'Dell Inc.', 'Latitude 3510', '9QCNB63', '8 GB', 'TOSHIBA MQ04ABF100  953GB HDD', 'Intel(R) Core(TM) i5-10210U CPU @ 1.60GHz', '', NULL, 41, '2025-04-02 21:41:35'),
(211, 'Transportes Logisticos Jema 2000', 'VENTASMTMMOVERS', 'Sin Usuario con Licencia', 'Microsoft Windows 10 Home Single Language 64-Bit', 'Wifi  :  90:32:4B:62:B0:D5              \nEthernet  : N/A', 'Laptop', 'HP', 'HP ENVY x360 Convertible 13-ag0xxx', '8CG82481S1', '4 GB', 'KXG50ZNV256G TOSHIBA  244GB M.2 SSD', 'AMD Ryzen 3 2300U with Radeon Vega Mobile Gfx, 1996MHz', '', NULL, 41, '2025-04-02 21:41:35'),
(212, 'Transportes Logisticos Jema 2000', 'FACTURACION', 'MAGDALENA', 'Microsoft Windows 10 Home Single Language 64-Bit', 'Wifi  :  60:6D:C7:C8:13:59             \nEthernet  : 94:57:A5:D4:35:ED', 'Escritorio', 'HP', '23-q143la', '8CC5340DV8', '8 GB', 'ST2000DM001-1ER164 1907GB HDD', 'Intel(R) Core(TM) i5-4590T CPU @ 2.00GHz', '', NULL, 41, '2025-04-02 21:41:35'),
(213, 'Transportes Logisticos Jema 2000', 'MEX-06*', 'Sin usuario Sin licencia', 'Microsoft Windows 10 Home Single Language 64-Bit', 'Wifi  : CE:84:0E:E0:B5:39                \nEthernet  : 00:23:81:28:A1:39', 'Escritorio', 'Acer', 'Aspire C22-760', 'DQB7DAL005732006BA6B01', '8 GB ', 'WDC WD5000LPVX-22V0TT0   953GB HDD', 'Intel(R) Core(TM) i3-6100U CPU @ 2.30GHz', 'No tiene usuario asignado y no aparece en el Av el equipo era de un contador pero ya no trabaja', NULL, 41, '2025-04-02 21:41:35'),
(214, 'Transportes Logisticos Jema 2000', 'DESKTOP-07K6S98', 'No sabemos nombre de usuario pero si la ocupan', 'Microsoft Windows 11 Pro 64-Bit', 'Wifi  : 90:CC:DF:AA:A2:12                \nEthernet  : B0:7B:25:5A:6B:51', 'Laptop', 'Dell Inc.', 'Latitude 3510', 'BGGNB63', '8 GB ', 'TOSHIBA MQ04ABF100  953 GB HDD', 'Intel(R) Core(TM) i5-10210U CPU @ 1.60GHz', '', NULL, 41, '2025-04-02 21:41:35'),
(215, 'Transportes Logisticos Jema 2000', 'DESKTOP-H4QTKBP', 'MARISOL', 'Microsoft Windows 10 Home 64-Bit', 'Wifi  : B8:81:98:CF:2A:BF              \nEthernet  : EC:8E:B5:57:69:EB', 'Laptop', 'HP', 'HP Pavilion Notebook', '5CD6323W5W', '8 GB ', 'ADATA Ultimate SU630   240 GB SSD', 'Intel(R) Core(TM) i5-6200U CPU @ 2.30GHz', '', NULL, 41, '2025-04-02 21:41:35'),
(251, 'SecuriTI', 'Toner', 'Alan Fernando', 'N/A', '00:01', 'Toner de Impresora.', 'N/A', 'TK-1172COMP-S', '12345', 'N/A', 'N/A', 'N/A', '10 PZ Numero de serie y Mac no aplica.', NULL, 34, '2025-06-02 15:51:52'),
(252, 'SecuriTI', 'STI-03', 'Sheyla Oficina ', 'Microsoft Windows 10 Home Single Language 64-Bit', 'Wi-Fi :9C:30:5B:B5:FA:31               Ethernet: 80:CE:62:47:5A:B6', 'ALL-IN-ONE', 'HP', 'HP Pavilion All-in-One 24-r0xx', '8CC8051R8Z', '11 GB', '256 GB SSD', 'AMD A12-9730P RADEON R7, 10 COMPUTE CORES 4C+6G, 2794MHz', '', NULL, 34, '2025-06-02 15:52:25'),
(253, 'SecuriTI', 'STI-04', 'Sheyla Casa ', 'Windows 10 Home Single Language', 'Wi-Fi :B8:1E:A4:C0:E2:D5                  Ethernet: N/A', 'LAPTOP', 'LENOVO', ' IDEAPAD SLIM 315IAH8', ' PF4LMFLB', '8 GB', '512 GB SSD', '12th Gen Intel(R) Core(TM) i5-12450H   2.00 GHz', '', NULL, 34, '2025-06-02 15:52:26'),
(254, 'SecuriTI', 'STI-05', 'Cesar Guerrero Coronel', 'Windows 11 Home Single Language', 'Wi-Fi : 28-A0-6B-49-95-53                                             Ethernet: 68:DA:73:A5:97:C2', 'LAPTOP', 'HUAWEI', 'MCLG-XX', '2NZBB24B07801952', '16 GB', '1 TB SSD', '13 th Gen Intel ', '', NULL, 34, '2025-06-02 15:52:26'),
(255, 'SecuriTI', 'STI-06', 'Juan Carlos Jijon Jimenez', 'Microsoft Windows 11 Home Single Language 64-Bit', 'Wi-Fi :28:A0:6B:4A:00:88               Ethernet: 22:E0:4C:A1:A8:75', 'LAPTOP', 'HUAWEI', 'MCLG-XX', '2NZBB24B07802104', '16 GB', '1 TB  SSD', '13th Gen Intel(R) Core(TM) i5-13420H, 2611MHz', '', NULL, 34, '2025-06-02 15:52:26'),
(256, 'SecuriTI', 'STI-07', ' Alejandro Basilio Ramirez', 'Microsoft Windows 11 Pro 64-Bit', 'Wi-Fi : E4:60:17:D5:46:AC                 Ethernet:  34:1A:4D:45:DC:4B', 'LAPTOP', 'LANIX', 'XBOOK', '2.9072E+13', '32 GB', '1 TB SSD', '12th Gen Intel(R) Core(TM) i7-1255U, 2611MHz', '', NULL, 34, '2025-06-02 15:52:26'),
(257, 'SecuriTI', 'STI-08', 'Rocio Leon Nolasco', 'Microsoft Windows 11 Pro 64-Bit', 'Wi-Fi :10:6F:D9:BB:6C:E5                Ethernet: C8:4B:D6:03:99:59', 'LAPTOP', 'DELL', 'Vostro 5415', '3156PL3', '16 GB', '512 GB SSD', 'AMD Ryzen 5 5500U with Radeon Graphics, 2095MHz', '', NULL, 34, '2025-06-02 15:52:26'),
(258, 'SecuriTI', 'STI-09', 'Estefania Mayen  ', 'macOS Monterey', 'Wi-Fi : 1c:36:bb:12:9a:ca               Ethernet: N/A                      ', 'LAPTOP', 'MAC', 'MacBookAir7,2', ' C1MW2842J1WK', '8 GB', '128 GB SSD', 'Intel Core i5 de dos nucleos ', '', NULL, 34, '2025-06-02 15:52:27'),
(259, 'SecuriTI', 'STI-10', 'Monserrat Gonzalez Escobar', ' Windows 11 Home Single Language', 'Wi-Fi :98-BD-80-32-00-0F               Ethernet: 6C-6E-07-18-7F-31', 'LAPTOP', 'HUAWEI', 'MCLF-XX', '27GBB24824800668', '8 GB ', '512 GB SSD', '12th Gen Intel(R) Core(TM) i5-12450H   2.00 GHz', '', NULL, 34, '2025-06-02 15:52:27'),
(260, 'SecuriTI', 'STI-11', 'Alan Fernando Apolinar Ramirez ', ' Microsoft Windows 11 Home Single Language 64-Bit', 'Wi-Fi : 98:BD:80:71:1D:CB               Ethernet: 20:7B:D2:98:D9:CD', 'LAPTOP', 'HUAWEI', 'MCLF-XX', '27GBB24824800721', '8 GB ', '512 GB SSD', '12th Gen Intel(R) Core(TM) i5-12450H, 2495MHz', '', NULL, 34, '2025-06-02 15:52:28'),
(261, 'SecuriTI', 'Becario1 ', 'Elisa Gardu', 'Microsoft Windows 11 Pro 64-Bit', 'Wi-Fi : E4:60:17:D2:F4:47              Ethernet: 34:1A:4D:45:E1:8C', 'LAPTOP', 'LANIX', 'XBOOK ', '29072024000156', '32 GB', '1 TB SSD (NVMe)', '12th Gen Intel(R) Core(TM) i7-1255U, 2611MHz', '', NULL, 34, '2025-06-02 15:52:28'),
(262, 'SecuriTI', 'Becario-3', 'Oscar Antonio Jardon', ' Microsoft Windows 11 Pro 64-Bit', 'Wi-Fi : E4:60:17:D4:D2:C1               Ethernet: 34:1A:4D:45:DC:1E', 'LAPTOP', 'LANIX', 'XBOOK B15', '29072024000171', '32 GB ', ' 1 TB  KINGSTON OM8PGP41024N-A0', '2th Gen Intel(R) Core(TM) i7-1255U', '', NULL, 34, '2025-06-02 15:52:28'),
(263, 'SecuriTI', 'DESKTOP-AOQ4CMK', 'Jose Antonio Jimenez de Jesus', 'Microsoft Windows 10 Pro', 'Wi-Fi : E4:02:9B:87:1A:F9                Ethernet: 28:F1:0E:48:9A:33', 'LAPTOP', 'DELL', 'VOSTRO 3459', '9WJ9NC2', '8 GB', '112 GB SSD', 'Intel', '', NULL, 34, '2025-06-02 15:52:28'),
(264, 'SecuriTI', 'Toner', 'Alan Fernando', 'N/A', '00:00', 'Toner de Impresora.', 'N/A', 'TK-1152COMP-AI', '123456', 'N/A', 'N/A', 'N/A', '20 PZ, El numero  de serie y Mac no aplica.', NULL, 34, '2025-06-02 15:55:31'),
(268, 'SecuriTI', 'Toner.', 'Alan Fernando', 'N/A', '11:11', 'Toner de Impresora.', 'N/A', 'TK-1172COMP-S', '12345678', 'N/A', 'N/A', 'N/A', '10 PZ Numero de serio y Mac no aplican.', NULL, 34, '2025-06-02 15:57:46'),
(269, 'SecuriTI', 'Router', 'Bodega', '', 'B0:FE:E5:B7:C4:E2', '', 'HUAWEI', 'WS7001 V2', '5JYQU24829002706', '', '', '', '', NULL, 34, '2025-06-04 17:33:54'),
(270, 'SecuriTI', 'Access point', 'Bodega', '', 'EC:74:D7:1B:13:44', '', 'GRANDSTREAM', 'GWN7630', '34302JEA76', '', '', '', '', NULL, 34, '2025-06-04 17:35:46');
INSERT INTO `equipos` (`id_equipo`, `nombre_cliente`, `nombre_equipo`, `responsable`, `sistema_operativo`, `direccion_mac`, `tipo`, `fabricante`, `modelo`, `numero_serie`, `ram`, `disco_duro`, `procesador`, `observaciones`, `documentos`, `id_empresa`, `fecha_registro`) VALUES
(271, 'Mayen y asociados', 'Nas', 'Mayen', 'N/A', '88:57:EE:57:D3:14', 'Nas', 'Buffalo', 'LS210D0601', '4057082020048', 'N/A', 'N/A', 'N/A', 'Se entrega NAS', 0x[BLOB], 43, '2025-06-04 18:50:50');
